
Let y(s) = -1662*s**3 - 116346*s**2 - 416*s + 280. What is y(-70)?
0
Let j(b) = -169*b**3 + 779*b**2 - 880*b - 4. Determine j(2).
0
Let w(k) = -116*k**3 - k**2 - 10*k + 18. What is w(2)?
-934
Let c(v) = 4*v + 6159. Determine c(100).
6559
Let c(y) = -y**2 - 2852*y + 68954. Calculate c(24).
-70
Let j(x) = 2*x**2 + 704*x - 50063. Calculate j(61).
323
Let k(z) = -z**3 + 117*z**2 - 499*z + 44375. Determine k(116).
-53
Let d(o) = 2*o**2 - 34*o - 1336. Give d(-19).
32
Let g(v) = -1789*v + 33569. What is g(19)?
-422
Let n(t) = 6*t**2 + 307*t + 5879. Calculate n(-22).
2029
Let a(i) = -8*i - 264. What is a(-14)?
-152
Let c(g) = 2645*g + 703372. Calculate c(-266).
-198
Let z(a) = -2*a**3 + 53*a**2 - 39*a + 3609. What is z(28)?
165
Let n(l) = 7*l**3 - 1972*l**2 - 49057*l + 45. Determine n(-23).
-1
Let x(w) = 113*w - 4924. What is x(43)?
-65
Let h(b) = -14*b**2 - 996*b + 954. Give h(-72).
90
Let y(v) = -v**2 - 49328*v - 1725254. Calculate y(-35).
1
Let w(g) = g**3 + 46*g**2 + 24*g - 134. Calculate w(-2).
-6
Let p(g) = -g**2 - 189515*g - 2463523. Calculate p(-13).
3
Let f(j) = 10276*j + 2568998. Give f(-250).
-2
Let h(f) = -711*f + 5695. What is h(8)?
7
Let o(r) = 17*r**2 + 5539*r - 6539. Calculate o(-327).
1
Let w(s) = -5*s**3 + 68*s**2 + 284*s - 39. Determine w(-4).
233
Let b(r) = 36690*r - 953986. Calculate b(26).
-46
Let f(z) = -z**2 - 74629*z - 4772116. What is f(-64)?
44
Let q(k) = -k**3 + 13*k**2 + 480*k + 7. Calculate q(29).
471
Let c(d) = 1213077*d - 44883845. Calculate c(37).
4
Let m(t) = -78819*t + 394166. What is m(5)?
71
Let u(j) = -18*j**2 + 1307*j + 345. Calculate u(73).
-166
Let m(d) = -2765*d - 153. Determine m(0).
-153
Let j(b) = b**3 - 268*b**2 + 17272*b + 24324. Give j(157).
-11
Let b(v) = v**2 + 119*v - 147. Calculate b(26).
3623
Let z(m) = -6086*m + 140004. Determine z(23).
26
Let q(p) = 956*p + 53619. Give q(-55).
1039
Let f(k) = -5*k**2 - 297022*k - 891022. Calculate f(-3).
-1
Let v(a) = a**3 + 4*a**2 - 572*a + 10. What is v(-26)?
10
Let o(p) = 2*p**3 - 82*p + 384. Determine o(-8).
16
Let d(k) = 2003*k - 13087. Determine d(7).
934
Let c(r) = -3034*r + 30014. Calculate c(10).
-326
Let q(g) = g**3 + 847*g**2 - 57338*g - 7298. Give q(-910).
-18
Let q(t) = -36*t**3 - 15*t**2 + 42*t - 8. What is q(3)?
-989
Let z(q) = -658*q - 11187. Determine z(-17).
-1
Let p(o) = 47625*o - 1619247. Give p(34).
3
Let a(w) = -11*w**2 + 263*w - 867. What is a(4)?
9
Let f(y) = -y**2 - 1477*y - 23040. What is f(-16)?
336
Let r(x) = 76*x - 2266. Determine r(48).
1382
Let q(c) = -c**3 - 84*c**2 - 255*c - 917. What is q(-81)?
55
Let p(b) = -22*b**3 - 5*b**2 - 107*b - 431. Give p(-4).
1325
Let t(q) = 8323*q + 33282. Determine t(-4).
-10
Let m(w) = 80319*w + 160416. Determine m(-2).
-222
Let r(w) = -w**3 - 3*w**2 + 159275*w - 1114426. Determine r(7).
9
Let k(g) = g**3 + 9*g**2 - 48*g + 263. Calculate k(-15).
-367
Let y(f) = -38*f + 886. Give y(4).
734
Let p(x) = -5*x**2 - 782*x + 4685. What is p(6)?
-187
Let m(z) = -3*z**2 + 4287*z + 25842. Determine m(-6).
12
Let s(c) = 22767*c**2 + 364270*c - 30. Determine s(-16).
2
Let t(k) = -2*k**3 - 19*k**2 + 107*k - 71. Determine t(3).
25
Let p(r) = 8*r**3 - 2289*r**2 + 290*r - 1123. Calculate p(286).
21
Let r(z) = -20*z**2 - 339*z - 293. Calculate r(-16).
11
Let n(l) = -l**2 - 1657*l - 593085. What is n(-523)?
-3
Let h(p) = -23161*p - 115749. Give h(-5).
56
Let w(v) = -v**2 + 7700*v + 395274. Determine w(-51).
-27
Let l(o) = -2372*o - 39616. Give l(-16).
-1664
Let c(d) = d**2 + 2140*d - 71607. Give c(33).
102
Let v(l) = 7*l**2 - 249*l + 28. Give v(35).
-112
Let k(x) = 2718*x + 154920. Determine k(-57).
-6
Let w(x) = -2067*x + 47507. Calculate w(23).
-34
Let x(z) = z**2 + 539*z + 17669. What is x(-35)?
29
Let d(w) = 46*w**2 + 13522*w + 12874. Calculate d(-293).
-18
Let n(r) = -r**3 - 41*r**2 + 591*r + 21661. Calculate n(-43).
-54
Let z(d) = 3*d**2 + 248*d + 5242. Give z(-40).
122
Let j(b) = 1778*b**2 + 8909*b + 91. Give j(-5).
-4
Let k(u) = -24*u**2 + 24*u - 30. Determine k(-6).
-1038
Let x(t) = -t**3 + 23*t**2 - 47*t - 264. Give x(20).
-4
Let u(n) = 89*n**2 + 69859*n - 74667. Calculate u(-786).
3
Let n(y) = 23*y**3 + 2894*y**2 - 500*y + 295. Calculate n(-126).
-209
Let a(i) = i**2 - 511*i - 66025. Determine a(-107).
101
Let u(t) = 21*t**2 - 2312*t + 9110. Give u(106).
-6
Let x(r) = r**3 - 402*r**2 + 5804*r - 2166601. Calculate x(401).
2
Let y(s) = 3*s**3 + 86*s**2 + 90*s + 1031. What is y(-28)?
79
Let d(q) = -12*q**2 + 780*q + 135. What is d(65)?
135
Let w(u) = -3*u**2 - 453*u + 314538. What is w(-408)?
-30
Let w(d) = 227*d**2 - 2049*d - 70. Calculate w(9).
-124
Let q(z) = 5*z - 365. Determine q(-7).
-400
Let q(y) = 338*y**2 - 2646*y + 15. Calculate q(8).
479
Let j(o) = -o**2 - 66976*o - 334859. Give j(-5).
-4
Let r(z) = 53068*z + 265260. Give r(-5).
-80
Let x(a) = 275*a + 3232. Determine x(-18).
-1718
Let z(v) = -818*v**2 + 22910*v - 161. Give z(28).
7
Let w(b) = 45370*b - 4537002. What is w(100)?
-2
Let s(h) = 276*h - 3590. What is s(21)?
2206
Let d(x) = -2330*x - 14387. Determine d(-6).
-407
Let r(m) = 1137*m - 31750. Give r(28).
86
Let u(i) = -2*i**3 - 63*i**2 + 111*i + 7453. Give u(-29).
29
Let j(p) = 2*p**3 - 183*p**2 + 151*p - 5629. What is j(91)?
-169
Let w(f) = -165*f - 13220. What is w(-80)?
-20
Let m(p) = 1208*p - 109695. Give m(91).
233
Let n(d) = -3*d**2 - 732*d - 453. Calculate n(0).
-453
Let d(h) = 46*h + 3727. Calculate d(-88).
-321
Let h(v) = 35013*v + 349851. What is h(-10)?
-279
Let g(o) = o**3 + 236*o**2 + 6008*o + 1266. Calculate g(-207).
231
Let y(d) = 28*d**2 + 12*d + 31. Determine y(-6).
967
Let c(d) = -3*d**2 - 206*d - 5511. Determine c(-27).
-2136
Let z(m) = -m**2 + 48*m - 168. Determine z(47).
-121
Let c(q) = 355*q + 9435. Calculate c(-27).
-150
Let f(b) = 20*b**2 + 152*b - 8703. What is f(-25)?
-3
Let q(l) = 4*l**3 - 47*l**2 + 46*l - 77. Determine q(11).
66
Let l(g) = -25*g**2 + 2529*g - 342. Determine l(101).
62
Let s(h) = 102*h**2 - 101603*h + 10950. Determine s(996).
-6
Let t(v) = v**3 - 81*v**2 - 910*v + 17519. Give t(89).
-103
Let j(n) = -n**3 - 29*n**2 + 144*n - 96. Determine j(6).
-492
Let u(t) = t**3 + 64*t**2 + 1028*t + 152. Determine u(-33).
-13
Let k(u) = 527*u**2 + 7927*u + 232. Give k(-15).
-98
Let y(q) = 24*q**2 + 8138*q + 261868. What is y(-36)?
4
Let t(d) = -22*d**2 + 1723*d + 3118. What is t(80)?
158
Let h(o) = 15*o**2 + 11*o - 152. Determine h(5).
278
Let c(g) = g**3 - 70*g**2 + 635*g - 39050. What is c(69)?
4
Let u(i) = 6*i**2 - 6026*i - 28265. Give u(1009).
-13
Let x(c) = -11*c - 1127. What is x(-46)?
-621
Let h(l) = -57*l**2 + 12488*l + 24982. What is h(-2)?
-222
Let p(i) = i**3 + 54*i**2 + 58*i + 863. Give p(-53).
598
Let u(s) = 2*s**3 - 192*s**2 - 163*s + 15728. What is u(96)?
80
Let t(s) = 3913*s + 223170. Determine t(-57).
129
Let f(k) = -11*k**3 - 10*k**2 - 72*k - 56. Give f(-5).
1429
Let a(t) = 252*t - 1090. What is a(11)?
1682
Let m(a) = 2208*a - 269364. Give m(122).
12
Let n(c) = -458*c + 1835. Determine n(3).
461
Let o(n) = 3*n**3 + 252*n**2 - 10*n - 182. Calculate o(-84).
658
Let t(k) = -3*k**2 - 80490*k + 4436039. Give t(55).
14
Let n(o) = 19*o**2 - 907*o + 8039. Give n(12).
-109
Let i(t) = -t**3 + 91*t**2 - 1214*t + 39020. What is i(82)?
-12
Let n(i) = -i**2 - 83164*i + 582195. Calculate n(7).
-2
Let t(f) = 420*f. Calculate t(0).
0
Let f(g) = 1495*g + 5611. Calculate f(-3).
1126
Let l(w) = -w**3 - 79*w**2 + 343*w - 6548. Give l(-84).
-80
Let s(u) = 9*u**3 - 20*u**2 - 120*u - 48. What is s(-5)?
-1073
Let x(v) = 2*v**3 + 450*v**2 + 42*v + 9515. Give x(-225).
65
Let c(z) = 3647*z - 52. Give c(0).
-52
Let q(h) = -60*h**3 + 92*h**2 + 4*h + 5. Calculate q(2).
-99
Let f(u) = -14*u**3 + 1010*u**2 - 126*u - 1247. Give f(72).
49
Let d(q) = -q**3 + 30*q**2 + 791*q + 3081. Give d(-5).
1
Let b(k) = k**3 + k**2 + 43*k + 96. Calculate b(-2).
6
Let b(x) = x**3 + 192*x**2 + 211*x + 3797. Calculate b(-191).
-23
Let u(d) = -7*d**3 + 2*d**2 + 1029*d - 5. Calculate u(0).
-5
Let c(d) = -10*d**2 + 438*d - 3595. What is c(11)?
13
Let n(m) = -m**3 - 10474*m**2 - 94157*m + 250. Determine n(-9).
-2
Let v(a) = -21*a**2 + 586*a + 8991. Calculate v(-11).
4
Let i(n) = -79*n**3 + 16*n**2 - 681*n + 666. What is i(1)?
-78
Let v(f) = 4*f**3 - 235*f**2 - 65*f + 343. Determine v(59).
-11
Let s